ose -g - 3*c + 4 - 5 = m, 3*g + 15 = 3*c. Let b be (3 + 0/g)*1. What is the greatest common divisor of b and 6?
3
Suppose 263 = 6*l + 107. Calculate the greatest common divisor of l and 117.
13
Suppose 25*y - 99*y + 16576 = 0. What is the greatest common divisor of 21 and y?
7
Suppose -12 = -5*h - f + 17, f = 4. Let y be 2*((-15)/(-2) - 0). What is the highest common divisor of y and h?
5
Let o(m) = -m + 9. Let z be o(5). Let t be (-1687)/(-7) - z*-1. Calculate the greatest common divisor of 35 and t.
35
Suppose 4*h = -20, -1 = 4*k - 3*h + 8. Let w(j) = -j**2 - 7*j + 4. Let g be w(k). Suppose 0 = r - 8 - g. What is the highest common divisor of 18 and r?
18
Let r be 1*4*(1960/16)/1. What is the greatest common factor of 105 and r?
35
Let i(y) = 7*y + 4. Let o(b) = 5*b + 27. Let q be o(-5). Let f be i(q). What is the greatest common factor of f and 12?
6
Let x = -1350 + 1386. Suppose -2*a + 1086 - 294 = 0. What is the greatest common factor of x and a?
36
Suppose 6*m - 3*k = m - 4, 3*k - 10 = -m. Let g = 19 - 14. Let s = g + 4. Calculate the highest common divisor of s and m.
1
Let c = -1616 + 3930. Calculate the greatest common factor of 26 and c.
26
Let s(g) be the first derivative of 1/3*g**3 - 1/2*g**2 - 8 - 3*g. Let v be s(-2). Calculate the highest common factor of 2 and v.
1
Let d(y) = -y**3 - 11*y**2 + 26*y + 1. Let h be d(-14). What is the highest common divisor of 9 and h?
9
Let z be 4/10 - 54/(-15). Suppose 0 = v + z*v - 110. What is the greatest common factor of v and 176?
22
Suppose 5*y - 119 + 449 = -5*s, -2*s + 4*y - 138 = 0. Let v = s - -119. Let q be (-108)/(-8) - 1/2. Calculate the highest common divisor of v and q.
13
Suppose -5*t - 180 = -5*r, -t - 103 = -3*r - 3*t. Let o = r - 14. Calculate the greatest common factor of o and 7.
7
Let z(c) = -2*c + 13. Let k be 18/(-6) - (-8 - 1). Let q be z(k). Let i be (4/q)/(13/26). What is the greatest common divisor of i and 64?
8
Let m(f) = -3*f**2 - 98*f + 35. Let o be m(-30). Calculate the highest common divisor of 25 and o.
25
Let k(t) = t**3 - 6*t**2 + 3*t + 17. Let s be k(5). Suppose -3*x + 248 = 38. Calculate the greatest common factor of s and x.
7
Let z = 78 + -38. Suppose -8*d - 4*x + 64 = -5*d, 0 = -4*d + 5*x + 75. Calculate the greatest common factor of d and z.
20
Let q(w) = -w + 22. Let t(a) = 2*a - 33. Let h(n) = -8*q(n) - 5*t(n). Let k be h(0). Let r = 19 + k. What is the greatest common factor of r and 64?
8
Suppose 0 = -0*m + 4*m - 48. Suppose 0 = 5*o - h - 50, 3*h + m = o + 2. What is the greatest common divisor of o and 20?
10
Let s = 3 + 0. Suppose k - y - s*y - 205 = 0, 0 = -4*k - 5*y + 841. Let w be ((-3)/(-2))/(6/76). What is the highest common factor of k and w?
19
Suppose -39 = -2*w - 3*s, 55 - 43 = 4*s. Let x(v) = 17*v + 3. Let b be x(6). What is the greatest common factor of b and w?
15
Let n(g) = -7*g**3 - g**2 + 1. Let z be n(-1). Let t = z + -8. Let j be (-21)/6*-2 + t. What is the greatest common factor of j and 6?
6
Let k be (-4)/(-10) + (78/(-5))/(-6). Suppose k*l = 4*q + 2*l - 5, 5*q + 5*l = 25. Calculate the highest common divisor of q and 8.
2
Let y be (3 + 7)/(2 + 0). Let k(r) = 2*r - y - r + 0 + 2. Let q be k(8). What is the greatest common divisor of 25 and q?
5
Suppose -5*j - 4 = -9*j. Suppose -1 - j = -i. Suppose 2*a - 36 = -i*a. What is the greatest common divisor of a and 6?
3
Let p be ((-10)/4)/((15/(-714))/5). What is the greatest common factor of p and 51?
17
Let z be 5616/33 + 4/(-22). Suppose -9*h - 70 = -16*h. What is the highest common factor of z and h?
10
Suppose 0 - 4 = -d, -4*m = -3*d - 64. Calculate the greatest common factor of m and 209.
19
Let t(s) = 30*s - 35. Let c be t(5). What is the greatest common factor of c and 69?
23
Let m(s) = 10*s - 17. Let w be m(-15). Let l = -47 - w. Calculate the greatest common factor of 15 and l.
15
Let n(k) = k**3 - 5*k**2 + 6*k - 3. Let v be n(4). Let f = 2 + v. Suppose a = -3*y - a + 235, y - 75 = a. Calculate the highest common divisor of y and f.
7
Let z be 1611/36 + (-9)/12. Calculate the greatest common factor of 2332 and z.
44
Let z(j) = -39*j + 10. Let c be z(-1). Calculate the greatest common divisor of c and 28.
7
Let l be (-5)/(5/(-4)) - 2/1. Suppose 9 = -3*b - l*z + 93, 0 = -3*b + 3*z + 99. What is the greatest common divisor of 10 and b?
10
Suppose -3*a + 24 = -m - 9, a - 3*m - 3 = 0. Let p(d) = -d**3 + 8*d**2 - 15*d + 18. Let l be p(5). What is the greatest common divisor of l and a?
6
Let v(o) = 7*o**2 - 4*o - 1. Let n be v(3). Suppose k + 2*b - 19 = 0, -3*k = -2*k - b - 28. Calculate the greatest common divisor of k and n.
25
Suppose 0 = 6*o - 85 + 73. Suppose 2*k + 0 = -3*f - 8, -2*k - 5*f - 16 = 0. What is the highest common factor of k and o?
2
Let k = 267 - 3. What is the greatest common divisor of 66 and k?
66
Let z(g) = -6*g + 7. Let y be z(1). Let q be 604/30 - (14/105)/y. Calculate the greatest common divisor of q and 10.
10
Suppose -3*p - 1968 = -7*p. Calculate the highest common factor of 82 and p.
82
Suppose 97 - 403 = -17*i. Suppose 36 = -3*w + 6*w + 4*o, 3*o = -2*w + 25. Let p be (-24)/2*(-30)/w. What is the greatest common divisor of i and p?
9
Let t(z) = -2*z - 4. Let b = 2 - 6. Let o be t(b). Let k = 584 - 576. What is the highest common factor of k and o?
4
Let l(k) = 2*k**2 + k - 19. Let h be l(5). Calculate the highest common divisor of 156 and h.
12
Let b = -1174 + 1173. Let z = 0 + 3. Let n be b/3 - (-226)/z. What is the greatest common divisor of n and 50?
25
Let u(i) = -3*i. Let q be u(-1). Let f be (0 - 21/(-9))*q. Let l = 4 + 31. What is the greatest common divisor of l and f?
7
Let b be (-5 + (0 - 3))*-14. Calculate the greatest common divisor of b and 48.
16
Suppose -4*p = -5*w + 1589, 0 = -2*w - p + 93 + 553. Calculate the highest common factor of 749 and w.
107
Suppose 26*q + 27*q - 27931 = 0. What is the greatest common factor of q and 31?
31
Suppose 4*a = -5 + 65. Let r = a - 7. What is the highest common divisor of 16 and r?
8
Let q = -2184 - -2190. Let f be 74/6 + (-2)/6. Calculate the greatest common factor of f and q.
6
Suppose -134*a + 2782 = 906. Let f be 56/2*(-6)/(-4). What is the greatest common factor of f and a?
14
Let h be 1408/20 + (-2)/5. Suppose p - 2*p + 5*i = 23, i - 7 = -p. Suppose -x + 2*x + p*b - 32 = 0, b = 2. Calculate the highest common factor of h and x.
14
Let l = 316 - -239. What is the highest common factor of l and 15?
15
Suppose 0 = -3*x - 9, -2*o + 6*o + 5*x = 25. What is the highest common factor of o and 2?
2
Let g(o) = o + 5. Let m be g(10). Let u(b) = 104*b + 1 + 4 + 2 - 6. Let x be u(1). Calculate the highest common factor of x and m.
15
Let i(k) = 2*k**3 + k**2 - 11*k + 9. Let u be i(3). Calculate the highest common divisor of 1872 and u.
39
Let k(g) = g - 10. Let u be k(6). Let n be (-51)/(u + 28/8). Suppose -p = 4*l - 29, -2*l - n = -4*p - 4*l. What is the highest common divisor of 10 and p?
5
Suppose -t = t. Suppose 324 = 9*p - t*p. Calculate the greatest common factor of p and 8.
4
Let l = 12 - 8. Suppose 45 = -l*z - 11. Let m = 84 + z. What is the highest common factor of m and 10?
10
Let p be 2/10 + 16366/70. Suppose -5*s = 4*z - z - 607, -2*s + p = -z. Let t be 1/(-2) + 35/2. What is the highest common factor of t and s?
17
Let h = 5 - -36. Suppose 9*m - h = 175. Calculate the highest common factor of 3 and m.
3
Suppose f = -2*o + 29, -2*o - 15 = -3*o - f. Calculate the highest common factor of 196 and o.
14
Suppose 144 - 4 = 20*b. Suppose i + b = 39. Calculate the greatest common factor of i and 2.
2
Suppose 5*w - 19 = -4*h + 2*w, 3*h - 5*w = -22. Let x be h/(1*(-1)/2). Let j be x/10 - (-36)/5. What is the highest common factor of 63 and j?
7
Suppose 223 = 5*i - 2*q, 5*i - q - 93 - 131 = 0. Let o = 3 - -17. Let b = o + -15. What is the highest common divisor of i and b?
5
Suppose 3 = p + 2*t - 4, 0 = 2*p + 5*t - 13. Suppose -2*v - 56 = -p*v. What is the greatest common factor of 8 and v?
8
Let z be (-2)/(-7) + (-561)/(-21). Suppose -5*c - 3*y + 1714 - 634 = 0, 4*c = y + 864. Calculate the greatest common divisor of c and z.
27
Suppose -3*n + 84 = -0*a - 3*a, -a - 60 = -2*n. Suppose -2*z = -6*z + n. Calculate the highest common factor of 8 and z.
8
Let o be (-2)/8 - 125/(-20). Suppose -97 - 83 = -o*t